{"id":454,"date":"2023-02-11T22:44:32","date_gmt":"2023-02-11T21:44:32","guid":{"rendered":"https:\/\/www.fopcio.pl\/?page_id=454"},"modified":"2023-02-13T14:22:48","modified_gmt":"2023-02-13T13:22:48","slug":"wizja-i-misja","status":"publish","type":"page","link":"https:\/\/www.fopcio.pl\/?page_id=454","title":{"rendered":"Wizja i misja"},"content":{"rendered":"\t\t<div data-elementor-type=\"wp-page\" data-elementor-id=\"454\" class=\"elementor elementor-454\" data-elementor-post-type=\"page\">\n\t\t\t\t\t\t<section class=\"elementor-section elementor-top-section elementor-element elementor-element-6136030 elementor-section-full_width elementor-section-stretched elementor-section-height-default elementor-section-height-default\" data-id=\"6136030\" data-element_type=\"section\" data-settings=\"{&quot;stretch_section&quot;:&quot;section-stretched&quot;,&quot;background_background&quot;:&quot;classic&quot;}\">\n\t\t\t\t\t\t<div class=\"elementor-container elementor-column-gap-default\">\n\t\t\t\t\t<div class=\"elementor-column elementor-col-100 elementor-top-column elementor-element elementor-element-1607cd1\" data-id=\"1607cd1\" data-element_type=\"column\">\n\t\t\t<div class=\"elementor-widget-wrap elementor-element-populated\">\n\t\t\t\t\t\t<div class=\"elementor-element elementor-element-139746c elementor-widget elementor-widget-spacer\" data-id=\"139746c\" data-element_type=\"widget\" data-widget_type=\"spacer.default\">\n\t\t\t\t<div class=\"elementor-widget-container\">\n\t\t\t<style>\/*! elementor - v3.21.0 - 15-04-2024 *\/\n.elementor-column .elementor-spacer-inner{height:var(--spacer-size)}.e-con{--container-widget-width:100%}.e-con-inner>.elementor-widget-spacer,.e-con>.elementor-widget-spacer{width:var(--container-widget-width,var(--spacer-size));--align-self:var(--container-widget-align-self,initial);--flex-shrink:0}.e-con-inner>.elementor-widget-spacer>.elementor-widget-container,.e-con>.elementor-widget-spacer>.elementor-widget-container{height:100%;width:100%}.e-con-inner>.elementor-widget-spacer>.elementor-widget-container>.elementor-spacer,.e-con>.elementor-widget-spacer>.elementor-widget-container>.elementor-spacer{height:100%}.e-con-inner>.elementor-widget-spacer>.elementor-widget-container>.elementor-spacer>.elementor-spacer-inner,.e-con>.elementor-widget-spacer>.elementor-widget-container>.elementor-spacer>.elementor-spacer-inner{height:var(--container-widget-height,var(--spacer-size))}.e-con-inner>.elementor-widget-spacer.elementor-widget-empty,.e-con>.elementor-widget-spacer.elementor-widget-empty{position:relative;min-height:22px;min-width:22px}.e-con-inner>.elementor-widget-spacer.elementor-widget-empty .elementor-widget-empty-icon,.e-con>.elementor-widget-spacer.elementor-widget-empty .elementor-widget-empty-icon{position:absolute;top:0;bottom:0;left:0;right:0;margin:auto;padding:0;width:22px;height:22px}<\/style>\t\t<div class=\"elementor-spacer\">\n\t\t\t<div class=\"elementor-spacer-inner\"><\/div>\n\t\t<\/div>\n\t\t\t\t<\/div>\n\t\t\t\t<\/div>\n\t\t\t\t\t<\/div>\n\t\t<\/div>\n\t\t\t\t\t<\/div>\n\t\t<\/section>\n\t\t\t\t<section class=\"elementor-section elementor-top-section elementor-element elementor-element-ce24df9 elementor-section-boxed elementor-section-height-default elementor-section-height-default\" data-id=\"ce24df9\" data-element_type=\"section\" data-settings=\"{&quot;background_background&quot;:&quot;classic&quot;}\">\n\t\t\t\t\t\t<div class=\"elementor-container elementor-column-gap-default\">\n\t\t\t\t\t<div class=\"elementor-column elementor-col-100 elementor-top-column elementor-element elementor-element-be961a2\" data-id=\"be961a2\" data-element_type=\"column\" data-settings=\"{&quot;background_background&quot;:&quot;classic&quot;}\">\n\t\t\t<div class=\"elementor-widget-wrap elementor-element-populated\">\n\t\t\t\t\t\t<div class=\"elementor-element elementor-element-bec2819 elementor-widget elementor-widget-text-editor\" data-id=\"bec2819\" data-element_type=\"widget\" data-widget_type=\"text-editor.default\">\n\t\t\t\t<div class=\"elementor-widget-container\">\n\t\t\t<style>\/*! elementor - v3.21.0 - 15-04-2024 *\/\n.elementor-widget-text-editor.elementor-drop-cap-view-stacked .elementor-drop-cap{background-color:#69727d;color:#fff}.elementor-widget-text-editor.elementor-drop-cap-view-framed .elementor-drop-cap{color:#69727d;border:3px solid;background-color:transparent}.elementor-widget-text-editor:not(.elementor-drop-cap-view-default) .elementor-drop-cap{margin-top:8px}.elementor-widget-text-editor:not(.elementor-drop-cap-view-default) .elementor-drop-cap-letter{width:1em;height:1em}.elementor-widget-text-editor .elementor-drop-cap{float:left;text-align:center;line-height:1;font-size:50px}.elementor-widget-text-editor .elementor-drop-cap-letter{display:inline-block}<\/style>\t\t\t\t<h4>G\u0142\u00f3wnym celem naszej fundacji jest tworzenie przestrzeni sprzyjaj\u0105cej rozwojowi idei spo\u0142ecze\u0144stwa obywatelskiego.<br>Nasze inicjatywy s\u0142u\u017c\u0105 promowaniu pozytywnych wzorc\u00f3w obywatelskiej partycypacji w \u017cyciu publicznym.\nWierzymy, \u017ce pa\u0144stwo to dobro wsp\u00f3lne.<br>Poprzez nasz\u0105 dzia\u0142alno\u015b\u0107 d\u0105\u017cymy do integracji spo\u0142ecze\u0144stwa i budowania poczucia wsp\u00f3lnego obowi\u0105zku dbania o nasz\u0105 ojczyzn\u0119.<br>Nasza wizja pa\u0144stwa to wizja przestrzeni przyjaznej dla wszystkich jego obywateli.<br>To tak\u017ce instytucje, kt\u00f3re dzia\u0142aj\u0105 na rzecz obywatela z poszanowaniem przys\u0142uguj\u0105cych mu uprawnie\u0144.<br>Uprawnie\u0144, kt\u00f3rych katalog zawarty jest w naszej Konstytucji.<br>Ka\u017cda inicjatywa obywatelska powinna by\u0107 podbudowana znajomo\u015bci\u0105 tych uprawnie\u0144, dlatego te\u017c w podejmowanych przez nas dzia\u0142aniach nie brak miejsca na wszelkiego rodzaju programy edukacyjne.<\/h4>\n<ul>\n \t<li>\n<h4>Promujemy \u015bwiadome korzystanie ze swobody dzia\u0142alno\u015bci gospodarczej.<\/h4>\n<\/li>\n \t<li>\n<h4>Przeciwdzia\u0142amy przejawom mowy nienawi\u015bci, ksenofobii i dyskryminacji.<\/h4>\n<\/li>\n \t<li>\n<h4>Prowadzimy dzia\u0142alno\u015b\u0107 na rzecz kombatant\u00f3w oraz os\u00f3b represjonowanych.<\/h4>\n<\/li>\n \t<li>\n<h4>Pomagamy osobom skazanym w przezwyci\u0119\u017caniu ich problem\u00f3w z adaptacj\u0105 do \u017cycia na wolno\u015bci.<\/h4>\n<\/li>\n \t<li>\n<h4>D\u0105\u017cymy do promocji praw cz\u0142owieka i obywatela oraz prawid\u0142owych postaw obywatelskich.<\/h4>\n<\/li>\n<\/ul>\n<h4>To tylko niekt\u00f3re z p\u00f3l, na kt\u00f3rych podejmujemy swe dzia\u0142ania.<\/h4>\n<h4>Niekt\u00f3re z form dzia\u0142ania naszej fundacji, poprzez kt\u00f3re osi\u0105gamy zamierzone cele to:\n<br>&#8211; finansowanie i organizacja stypendi\u00f3w i nagr\u00f3d\n<br>&#8211; dzia\u0142alno\u015b\u0107 doradcza, naukowa, analityczna i badawcza<br>&#8211; wspieranie dzia\u0142alno\u015bci edukacyjnej i o\u015bwiatowej w obszarze nauk\nspo\u0142ecznych, ekonomicznych i prawnych <br>&#8211; prowadzenia akcji informacyjnych\n\n<br><br>Zapraszamy do wsp\u00f3\u0142pracy.<\/h4>\t\t\t\t\t\t<\/div>\n\t\t\t\t<\/div>\n\t\t\t\t\t<\/div>\n\t\t<\/div>\n\t\t\t\t\t<\/div>\n\t\t<\/section>\n\t\t\t\t<section class=\"elementor-section elementor-top-section elementor-element elementor-element-dd16347 elementor-section-full_width elementor-section-stretched elementor-section-height-default elementor-section-height-default\" data-id=\"dd16347\" data-element_type=\"section\" data-settings=\"{&quot;stretch_section&quot;:&quot;section-stretched&quot;,&quot;background_background&quot;:&quot;classic&quot;}\">\n\t\t\t\t\t\t<div class=\"elementor-container elementor-column-gap-default\">\n\t\t\t\t\t<div class=\"elementor-column elementor-col-100 elementor-top-column elementor-element elementor-element-88b7d66\" data-id=\"88b7d66\" data-element_type=\"column\">\n\t\t\t<div class=\"elementor-widget-wrap elementor-element-populated\">\n\t\t\t\t\t\t<div class=\"elementor-element elementor-element-12abc28 elementor-widget elementor-widget-spacer\" data-id=\"12abc28\" data-element_type=\"widget\" data-widget_type=\"spacer.default\">\n\t\t\t\t<div class=\"elementor-widget-container\">\n\t\t\t\t\t<div class=\"elementor-spacer\">\n\t\t\t<div class=\"elementor-spacer-inner\"><\/div>\n\t\t<\/div>\n\t\t\t\t<\/div>\n\t\t\t\t<\/div>\n\t\t\t\t\t<\/div>\n\t\t<\/div>\n\t\t\t\t\t<\/div>\n\t\t<\/section>\n\t\t\t\t<\/div>\n\t\t","protected":false},"excerpt":{"rendered":"<p>G\u0142\u00f3wnym celem naszej fundacji jest tworzenie przestrzeni sprzyjaj\u0105cej rozwojowi idei spo\u0142ecze\u0144stwa obywatelskiego.Nasze inicjatywy s\u0142u\u017c\u0105 promowaniu pozytywnych wzorc\u00f3w obywatelskiej partycypacji w \u017cyciu publicznym. Wierzymy, \u017ce pa\u0144stwo to dobro wsp\u00f3lne.Poprzez nasz\u0105 dzia\u0142alno\u015b\u0107 d\u0105\u017cymy do integracji spo\u0142ecze\u0144stwa i budowania poczucia wsp\u00f3lnego obowi\u0105zku dbania o nasz\u0105 ojczyzn\u0119.Nasza wizja pa\u0144stwa to wizja przestrzeni przyjaznej dla wszystkich jego obywateli.To tak\u017ce instytucje, [&hellip;]<\/p>\n","protected":false},"author":2,"featured_media":0,"parent":25,"menu_order":0,"comment_status":"closed","ping_status":"closed","template":"","meta":{"footnotes":""},"class_list":["post-454","page","type-page","status-publish","hentry"],"_links":{"self":[{"href":"https:\/\/www.fopcio.pl\/index.php?rest_route=\/wp\/v2\/pages\/454","targetHints":{"allow":["GET"]}}],"collection":[{"href":"https:\/\/www.fopcio.pl\/index.php?rest_route=\/wp\/v2\/pages"}],"about":[{"href":"https:\/\/www.fopcio.pl\/index.php?rest_route=\/wp\/v2\/types\/page"}],"author":[{"embeddable":true,"href":"https:\/\/www.fopcio.pl\/index.php?rest_route=\/wp\/v2\/users\/2"}],"replies":[{"embeddable":true,"href":"https:\/\/www.fopcio.pl\/index.php?rest_route=%2Fwp%2Fv2%2Fcomments&post=454"}],"version-history":[{"count":34,"href":"https:\/\/www.fopcio.pl\/index.php?rest_route=\/wp\/v2\/pages\/454\/revisions"}],"predecessor-version":[{"id":1238,"href":"https:\/\/www.fopcio.pl\/index.php?rest_route=\/wp\/v2\/pages\/454\/revisions\/1238"}],"up":[{"embeddable":true,"href":"https:\/\/www.fopcio.pl\/index.php?rest_route=\/wp\/v2\/pages\/25"}],"wp:attachment":[{"href":"https:\/\/www.fopcio.pl\/index.php?rest_route=%2Fwp%2Fv2%2Fmedia&parent=454"}],"curies":[{"name":"wp","href":"https:\/\/api.w.org\/{rel}","templated":true}]}}